{"id":42,"date":"2008-05-22T11:54:59","date_gmt":"2008-05-22T10:54:59","guid":{"rendered":"http:\/\/achtsamen.de\/?page_id=42"},"modified":"2008-05-22T11:54:59","modified_gmt":"2008-05-22T10:54:59","slug":"die-achtsamen","status":"publish","type":"page","link":"http:\/\/integrale-szene.de\/wordpress\/die-achtsamen\/","title":{"rendered":"Die Achtsamen"},"content":{"rendered":"<p>Die Acht als Zahl f\u00fcr die Unenedlichkeit, den fortw\u00e4hrenden Wandel der uns auffordert in Schwung zu bleiben und immer wieder neu eine Mitte zu schaffen, ist verkn\u00fcpft mit dem Wort Samen, als Essens eines Reifungsprozesses, als Erbe auf winzigstem Raum verdichtete Potenz f\u00fcr ein neues Leben. Achtsam sein ist die Qualit\u00e4t an Geistesschulung, die uns menschlich sein l\u00e4sst, Licht auf unsere Menschlichkeit wirft.  Sie l\u00e4dt ein langsamer zu werden, das was getan werden will mit Gewahrsein, bewusst zu tun, auf die Kontexte, die Bedingungen zu achten und sich bewusst zu sein, das sie Keime\/ Samen sind f\u00fcr eine Zukunft, die damit im Entstehen begriffen ist.<\/p>\n<p>Unser in der Welt sein, mit dem expandierenden Wissen \u00fcber diffizilste Zusammenh\u00e4nge und einer ungeheuren Detaillpr\u00e4zision, ist es wesentlich einen shift \/ Zustandswechsel im Bewusstsein zu vollziehen um nicht an Reiz\u00fcberflutung zugrunde zu gehen.<\/p>\n<p>Wissen bietet keinen Halt mehr. Der forttw\u00e4hrende Wandel im \u00e4u\u00dferen ( Klimawandel, Globalisierung, Weltwirtschaftskrise)  verlangt Anpassungsleistungen und Entwicklungsr\u00e4ume die unvorstellbar sind. Wir mutmassen, operieren mit Wahrscheinlichkeiten und leiden doch an existentiellen Grund\u00e4ngsten. Unser Mammut ist heute die Tsunami, die Maras \/ S\u00fcnden sind Konsum und Machbarkeitswahn.<\/p>\n<p>Fragen, die wir uns stellen \u00f6ffnen Bewusstseinsr\u00e4ume, sind Schl\u00fcssel zu Wirklichkeiten, die durch uns auftauchen k\u00f6nnen. Der  Resonanzraum sind Weltsichten, ERlebnishorizonte unsere Vorfahren, die Menschheitsgeschichte und  offene schwingende Wahrscheinlichkeitswelten, die unserer aktualisierung bed\u00fcrfen.<\/p>\n<p>Wir reflektieren unsere Innenr\u00e4ume und machen sie tranparent in der Sprache, der Kunst und die Werte die uns bestimmen f\u00fchren zu Handlungen und  Haltungen.<\/p>\n<p>In den Achtsamen sind Perspektiven des in der Welt seins in einem dynamischen Modell ineinander gewoben.  Achsen verbinden einen eher strukturell, evolution\u00e4r orientierten mit einem prozessualen, emergierenden Pol. Nach rechts und links hin  versinnbildlichen sich Kontexte. Es ist ein Instrument das Gespr\u00e4chskultur und Gemeinschaftsbildung im Focus hat und die integrale Matrix nutzt  um das Denken( in Konstrukten und Konzepten)  mit dem paradoxen, humorvollen , spielerischen Bewusstsein  zu durchdringen, zu durchleuchten und sich der sch\u00f6pferischer Weisheit , die in uns allen ruht anzuvertrauen.<\/p>\n","protected":false},"excerpt":{"rendered":"<p>Die Acht als Zahl f\u00fcr die Unenedlichkeit, den fortw\u00e4hrenden Wandel der uns auffordert in Schwung zu bleiben und immer wieder neu eine Mitte zu schaffen, ist verkn\u00fcpft mit dem Wort Samen, als Essens eines Reifungsprozesses, als Erbe auf winzigstem Raum verdichtete Potenz f\u00fcr ein neues Leben. Achtsam sein ist die Qualit\u00e4t an Geistesschulung, die uns [&hellip;]<\/p>\n","protected":false},"author":2,"featured_media":0,"parent":0,"menu_order":1,"comment_status":"open","ping_status":"open","template":"","meta":[],"_links":{"self":[{"href":"http:\/\/integrale-szene.de\/wordpress\/wp-json\/wp\/v2\/pages\/42"}],"collection":[{"href":"http:\/\/integrale-szene.de\/wordpress\/wp-json\/wp\/v2\/pages"}],"about":[{"href":"http:\/\/integrale-szene.de\/wordpress\/wp-json\/wp\/v2\/types\/page"}],"author":[{"embeddable":true,"href":"http:\/\/integrale-szene.de\/wordpress\/wp-json\/wp\/v2\/users\/2"}],"replies":[{"embeddable":true,"href":"http:\/\/integrale-szene.de\/wordpress\/wp-json\/wp\/v2\/comments?post=42"}],"version-history":[{"count":1,"href":"http:\/\/integrale-szene.de\/wordpress\/wp-json\/wp\/v2\/pages\/42\/revisions"}],"predecessor-version":[{"id":626,"href":"http:\/\/integrale-szene.de\/wordpress\/wp-json\/wp\/v2\/pages\/42\/revisions\/626"}],"wp:attachment":[{"href":"http:\/\/integrale-szene.de\/wordpress\/wp-json\/wp\/v2\/media?parent=42"}],"curies":[{"name":"wp","href":"https:\/\/api.w.org\/{rel}","templated":true}]}}

<p>Die Acht als Zahl für die Unenedlichkeit, den fortwährenden Wandel der uns auffordert in Schwung zu bleiben und immer wieder neu eine Mitte zu schaffen, ist verknüpft mit dem Wort Samen, als Essens eines Reifungsprozesses, als Erbe auf winzigstem Raum verdichtete Potenz für ein neues Leben. Achtsam sein ist die Qualität an Geistesschulung, die uns menschlich sein lässt, Licht auf unsere Menschlichkeit wirft.  Sie lädt ein langsamer zu werden, das was getan werden will mit Gewahrsein, bewusst zu tun, auf die Kontexte, die Bedingungen zu achten und sich bewusst zu sein, das sie Keime/ Samen sind für eine Zukunft, die damit im Entstehen begriffen ist.</p>
<p>Unser in der Welt sein, mit dem expandierenden Wissen über diffizilste Zusammenhänge und einer ungeheuren Detaillpräzision, ist es wesentlich einen shift / Zustandswechsel im Bewusstsein zu vollziehen um nicht an Reizüberflutung zugrunde zu gehen.</p>
<p>Wissen bietet keinen Halt mehr. Der forttwährende Wandel im äußeren ( Klimawandel, Globalisierung, Weltwirtschaftskrise)  verlangt Anpassungsleistungen und Entwicklungsräume die unvorstellbar sind. Wir mutmassen, operieren mit Wahrscheinlichkeiten und leiden doch an existentiellen Grundängsten. Unser Mammut ist heute die Tsunami, die Maras / Sünden sind Konsum und Machbarkeitswahn.</p>
<p>Fragen, die wir uns stellen öffnen Bewusstseinsräume, sind Schlüssel zu Wirklichkeiten, die durch uns auftauchen können. Der  Resonanzraum sind Weltsichten, ERlebnishorizonte unsere Vorfahren, die Menschheitsgeschichte und  offene schwingende Wahrscheinlichkeitswelten, die unserer aktualisierung bedürfen.</p>
<p>Wir reflektieren unsere Innenräume und machen sie tranparent in der Sprache, der Kunst und die Werte die uns bestimmen führen zu Handlungen und  Haltungen.</p>
<p>In den Achtsamen sind Perspektiven des in der Welt seins in einem dynamischen Modell ineinander gewoben.  Achsen verbinden einen eher strukturell, evolutionär orientierten mit einem prozessualen, emergierenden Pol. Nach rechts und links hin  versinnbildlichen sich Kontexte. Es ist ein Instrument das Gesprächskultur und Gemeinschaftsbildung im Focus hat und die integrale Matrix nutzt  um das Denken( in Konstrukten und Konzepten)  mit dem paradoxen, humorvollen , spielerischen Bewusstsein  zu durchdringen, zu durchleuchten und sich der schöpferischer Weisheit , die in uns allen ruht anzuvertrauen.</p>

<p>Die Acht als Zahl für die Unenedlichkeit, den fortwährenden Wandel der uns auffordert in Schwung zu bleiben und immer wieder neu eine Mitte zu schaffen, ist verknüpft mit dem Wort Samen, als Essens eines Reifungsprozesses, als Erbe auf winzigstem Raum verdichtete Potenz für ein neues Leben. Achtsam sein ist die Qualität an Geistesschulung, die uns [&hellip;]</p>
