{"id":52,"date":"2008-07-21T15:04:11","date_gmt":"2008-07-21T14:04:11","guid":{"rendered":"http:\/\/achtsamen.de\/?page_id=52"},"modified":"2021-05-05T15:49:32","modified_gmt":"2021-05-05T14:49:32","slug":"die-salons","status":"publish","type":"page","link":"http:\/\/integrale-szene.de\/wordpress\/die-salons\/","title":{"rendered":"Gesch\u00fctzter Bereich: die Salons"},"content":{"rendered":"<div class=\"flex_column av_one_third  flex_column_div av-zero-column-padding first  avia-builder-el-0  el_before_av_one_third  avia-builder-el-first  \" style='border-radius:0px; '><section class=\"av_textblock_section \"  itemscope=\"itemscope\" itemtype=\"https:\/\/schema.org\/CreativeWork\" ><div class='avia_textblock  '   itemprop=\"text\" ><p>Salon<\/p>\n<p>Die Achtsamen sind ein integrales Modell, das auf Entwicklungslinien basiert, Elemente der integralen Philosophie, Jean Gebser, Ken Wilber und des Medizinrades, zusammenbringt um eine Navigation in diesen komplexen Zeiten zu schaffen. Die Spannungsb\u00f6gen zwischen Individuelle und kollektivem Interessen, K\u00f6rper und Geist, Ich und Du, Kommunikatiosf\u00e4higkeitsen und Kreativit\u00e4t, Herkunft- und Zukunftsgemeinschaften fordern unser Mensch sein heraus. In einem Zyklus von 8 Einheiten, verschiedene Perspektiven erforschen, die zugrundeliegenden Muster entschl\u00fcsseln, vision\u00e4r werden.<\/p>\n<p>Kollektive Weisheit ist abh\u00e4ngig vom Grad der Verbundenheit in den Ebenen unserer Weltsichten und Wirklichkeiten, der Tiefe des Dialoges, der Anwesenheit von geteilter Stille.<\/p>\n<p>Wenn es gelingt vom Zuk\u00fcnftigen Selbst zu sprechen und das was im Trauma befangen ist zu w\u00fcrdigen wird Geistesgegenwart m\u00f6glich.<\/p>\n<p>Die Vorgehensweise in einem Salon folgt verschiedenen Phasen, ist ein interaktives Geschehen, erlaubt Interpretation und erweitert den Horizont.<\/p>\n<\/div><\/section><\/div><div class=\"flex_column av_one_third  flex_column_div av-zero-column-padding   avia-builder-el-2  el_after_av_one_third  el_before_av_one_third  \" style='border-radius:0px; '><div  class='avia-image-container  av-styling-    avia-builder-el-3  avia-builder-el-no-sibling  avia-align-center '  itemprop=\"image\" itemscope=\"itemscope\" itemtype=\"https:\/\/schema.org\/ImageObject\"  ><div class='avia-image-container-inner'><div class='avia-image-overlay-wrap'><img decoding=\"async\" class='wp-image-0 avia-img-lazy-loading-not-0 avia_image' src=\"http:\/\/integrale-szene.de\/wordpress\/wp-content\/themes\/enfold\/config-templatebuilder\/avia-template-builder\/images\/placeholder.jpg\" alt='' title=''   itemprop=\"thumbnailUrl\"  \/><\/div><\/div><\/div><\/div><div class=\"flex_column av_one_third  flex_column_div av-zero-column-padding   avia-builder-el-4  el_after_av_one_third  avia-builder-el-last  \" style='border-radius:0px; '><section class=\"av_textblock_section \"  itemscope=\"itemscope\" itemtype=\"https:\/\/schema.org\/CreativeWork\" ><div class='avia_textblock  '   itemprop=\"text\" ><p>Klicke hier, um Ihren eigenen Text einzuf\u00fcgen<\/p>\n<\/div><\/section><\/div><\/p>\n","protected":false},"excerpt":{"rendered":"","protected":false},"author":2,"featured_media":0,"parent":0,"menu_order":0,"comment_status":"open","ping_status":"open","template":"","meta":[],"_links":{"self":[{"href":"http:\/\/integrale-szene.de\/wordpress\/wp-json\/wp\/v2\/pages\/52"}],"collection":[{"href":"http:\/\/integrale-szene.de\/wordpress\/wp-json\/wp\/v2\/pages"}],"about":[{"href":"http:\/\/integrale-szene.de\/wordpress\/wp-json\/wp\/v2\/types\/page"}],"author":[{"embeddable":true,"href":"http:\/\/integrale-szene.de\/wordpress\/wp-json\/wp\/v2\/users\/2"}],"replies":[{"embeddable":true,"href":"http:\/\/integrale-szene.de\/wordpress\/wp-json\/wp\/v2\/comments?post=52"}],"version-history":[{"count":2,"href":"http:\/\/integrale-szene.de\/wordpress\/wp-json\/wp\/v2\/pages\/52\/revisions"}],"predecessor-version":[{"id":625,"href":"http:\/\/integrale-szene.de\/wordpress\/wp-json\/wp\/v2\/pages\/52\/revisions\/625"}],"wp:attachment":[{"href":"http:\/\/integrale-szene.de\/wordpress\/wp-json\/wp\/v2\/media?parent=52"}],"curies":[{"name":"wp","href":"https:\/\/api.w.org\/{rel}","templated":true}]}}

Geschützter Bereich: die Salons

<div class="flex_column av_one_third  flex_column_div av-zero-column-padding first  avia-builder-el-0  el_before_av_one_third  avia-builder-el-first  " style='border-radius:0px; '><section class="av_textblock_section "  itemscope="itemscope" itemtype="https://schema.org/CreativeWork" ><div class='avia_textblock  '   itemprop="text" ><p>Salon</p>
<p>Die Achtsamen sind ein integrales Modell, das auf Entwicklungslinien basiert, Elemente der integralen Philosophie, Jean Gebser, Ken Wilber und des Medizinrades, zusammenbringt um eine Navigation in diesen komplexen Zeiten zu schaffen. Die Spannungsbögen zwischen Individuelle und kollektivem Interessen, Körper und Geist, Ich und Du, Kommunikatiosfähigkeitsen und Kreativität, Herkunft- und Zukunftsgemeinschaften fordern unser Mensch sein heraus. In einem Zyklus von 8 Einheiten, verschiedene Perspektiven erforschen, die zugrundeliegenden Muster entschlüsseln, visionär werden.</p>
<p>Kollektive Weisheit ist abhängig vom Grad der Verbundenheit in den Ebenen unserer Weltsichten und Wirklichkeiten, der Tiefe des Dialoges, der Anwesenheit von geteilter Stille.</p>
<p>Wenn es gelingt vom Zukünftigen Selbst zu sprechen und das was im Trauma befangen ist zu würdigen wird Geistesgegenwart möglich.</p>
<p>Die Vorgehensweise in einem Salon folgt verschiedenen Phasen, ist ein interaktives Geschehen, erlaubt Interpretation und erweitert den Horizont.</p>
</div></section></div><div class="flex_column av_one_third  flex_column_div av-zero-column-padding   avia-builder-el-2  el_after_av_one_third  el_before_av_one_third  " style='border-radius:0px; '><div  class='avia-image-container  av-styling-    avia-builder-el-3  avia-builder-el-no-sibling  avia-align-center '  itemprop="image" itemscope="itemscope" itemtype="https://schema.org/ImageObject"  ><div class='avia-image-container-inner'><div class='avia-image-overlay-wrap'><img decoding="async" class='wp-image-0 avia-img-lazy-loading-not-0 avia_image' src="http://integrale-szene.de/wordpress/wp-content/themes/enfold/config-templatebuilder/avia-template-builder/images/placeholder.jpg" alt='' title=''   itemprop="thumbnailUrl"  /></div></div></div></div><div class="flex_column av_one_third  flex_column_div av-zero-column-padding   avia-builder-el-4  el_after_av_one_third  avia-builder-el-last  " style='border-radius:0px; '><section class="av_textblock_section "  itemscope="itemscope" itemtype="https://schema.org/CreativeWork" ><div class='avia_textblock  '   itemprop="text" ><p>Klicke hier, um Ihren eigenen Text einzufügen</p>
</div></section></div></p>
