{"id":520,"date":"2021-05-06T10:41:40","date_gmt":"2021-05-06T09:41:40","guid":{"rendered":"http:\/\/integrale-szene.de\/wordpress\/?page_id=520"},"modified":"2021-05-06T11:25:18","modified_gmt":"2021-05-06T10:25:18","slug":"gemeinschaftsbildung","status":"publish","type":"page","link":"http:\/\/integrale-szene.de\/wordpress\/gemeinschaftsbildung\/","title":{"rendered":"Gemeinschaftsbildung"},"content":{"rendered":"<div class=\"flex_column av_one_third  flex_column_div av-zero-column-padding first  avia-builder-el-0  el_before_av_one_third  avia-builder-el-first  \" style='border-radius:0px; '><section class=\"av_textblock_section \"  itemscope=\"itemscope\" itemtype=\"https:\/\/schema.org\/CreativeWork\" ><div class='avia_textblock  '   itemprop=\"text\" ><h3><\/h3>\n<h3>Gemeinschaftsbildung<\/h3>\n<p>Gemeinschaftsbildung als kreativer offener Raum in und um eine lebendigen Mitte ist f\u00fcr mich die tragende Vision f\u00fcr das 21 Jahrhundert. Im Westen ist die Chance ein h\u00f6chst indiviualistisches Wesen,ein Original ,zu werden gegeben. Ohne Erfahrung einer origin &#8211; einer urspr\u00fcnglichen Quelle, die in der Spiritualit\u00e4t auftauchen kann und ohne Einbindung in eine Werte schaffende Gemeinschaft vermissen wir den Sinn unseres Daseins.<\/p>\n<\/div><\/section><\/div>\n<div class=\"flex_column av_one_third  flex_column_div av-zero-column-padding   avia-builder-el-2  el_after_av_one_third  el_before_av_one_third  \" style='border-radius:0px; '><div  class='avia-image-container  av-styling-    avia-builder-el-3  avia-builder-el-no-sibling  avia-align-center '  itemprop=\"image\" itemscope=\"itemscope\" itemtype=\"https:\/\/schema.org\/ImageObject\"  ><div class='avia-image-container-inner'><div class='avia-image-overlay-wrap'><img decoding=\"async\" class='wp-image-0 avia-img-lazy-loading-not-0 avia_image' src=\"http:\/\/integrale-szene.de\/wordpress\/wp-content\/themes\/enfold\/config-templatebuilder\/avia-template-builder\/images\/placeholder.jpg\" alt='' title=''   itemprop=\"thumbnailUrl\"  \/><\/div><\/div><\/div><\/div>\n<div class=\"flex_column av_one_third  flex_column_div av-zero-column-padding   avia-builder-el-4  el_after_av_one_third  avia-builder-el-last  \" style='border-radius:0px; '><section class=\"av_textblock_section \"  itemscope=\"itemscope\" itemtype=\"https:\/\/schema.org\/CreativeWork\" ><div class='avia_textblock  '   itemprop=\"text\" ><p>In Gemeinschaft mit anderen Menschen und Wesen reifen,<br \/>\nTeilhabe an Prozessen, mich sensibilisieren f\u00fcr das Unw\u00e4gbare, ermutigen vision\u00e4r zu sein<br \/>\nPartizipatives, cocreatives und zukunftsf\u00e4higes Handeln<br \/>\nsind mir ein Herzensanliegen<\/p>\n<\/div><\/section><\/div>\n","protected":false},"excerpt":{"rendered":"","protected":false},"author":2,"featured_media":0,"parent":0,"menu_order":0,"comment_status":"closed","ping_status":"closed","template":"","meta":[],"_links":{"self":[{"href":"http:\/\/integrale-szene.de\/wordpress\/wp-json\/wp\/v2\/pages\/520"}],"collection":[{"href":"http:\/\/integrale-szene.de\/wordpress\/wp-json\/wp\/v2\/pages"}],"about":[{"href":"http:\/\/integrale-szene.de\/wordpress\/wp-json\/wp\/v2\/types\/page"}],"author":[{"embeddable":true,"href":"http:\/\/integrale-szene.de\/wordpress\/wp-json\/wp\/v2\/users\/2"}],"replies":[{"embeddable":true,"href":"http:\/\/integrale-szene.de\/wordpress\/wp-json\/wp\/v2\/comments?post=520"}],"version-history":[{"count":4,"href":"http:\/\/integrale-szene.de\/wordpress\/wp-json\/wp\/v2\/pages\/520\/revisions"}],"predecessor-version":[{"id":558,"href":"http:\/\/integrale-szene.de\/wordpress\/wp-json\/wp\/v2\/pages\/520\/revisions\/558"}],"wp:attachment":[{"href":"http:\/\/integrale-szene.de\/wordpress\/wp-json\/wp\/v2\/media?parent=520"}],"curies":[{"name":"wp","href":"https:\/\/api.w.org\/{rel}","templated":true}]}}

<div class="flex_column av_one_third  flex_column_div av-zero-column-padding first  avia-builder-el-0  el_before_av_one_third  avia-builder-el-first  " style='border-radius:0px; '><section class="av_textblock_section "  itemscope="itemscope" itemtype="https://schema.org/CreativeWork" ><div class='avia_textblock  '   itemprop="text" ><h3></h3>
<h3>Gemeinschaftsbildung</h3>
<p>Gemeinschaftsbildung als kreativer offener Raum in und um eine lebendigen Mitte ist für mich die tragende Vision für das 21 Jahrhundert. Im Westen ist die Chance ein höchst indiviualistisches Wesen,ein Original ,zu werden gegeben. Ohne Erfahrung einer origin &#8211; einer ursprünglichen Quelle, die in der Spiritualität auftauchen kann und ohne Einbindung in eine Werte schaffende Gemeinschaft vermissen wir den Sinn unseres Daseins.</p>
</div></section></div>
<div class="flex_column av_one_third  flex_column_div av-zero-column-padding   avia-builder-el-2  el_after_av_one_third  el_before_av_one_third  " style='border-radius:0px; '><div  class='avia-image-container  av-styling-    avia-builder-el-3  avia-builder-el-no-sibling  avia-align-center '  itemprop="image" itemscope="itemscope" itemtype="https://schema.org/ImageObject"  ><div class='avia-image-container-inner'><div class='avia-image-overlay-wrap'><img decoding="async" class='wp-image-0 avia-img-lazy-loading-not-0 avia_image' src="http://integrale-szene.de/wordpress/wp-content/themes/enfold/config-templatebuilder/avia-template-builder/images/placeholder.jpg" alt='' title=''   itemprop="thumbnailUrl"  /></div></div></div></div>
<div class="flex_column av_one_third  flex_column_div av-zero-column-padding   avia-builder-el-4  el_after_av_one_third  avia-builder-el-last  " style='border-radius:0px; '><section class="av_textblock_section "  itemscope="itemscope" itemtype="https://schema.org/CreativeWork" ><div class='avia_textblock  '   itemprop="text" ><p>In Gemeinschaft mit anderen Menschen und Wesen reifen,<br />
Teilhabe an Prozessen, mich sensibilisieren für das Unwägbare, ermutigen visionär zu sein<br />
Partizipatives, cocreatives und zukunftsfähiges Handeln<br />
sind mir ein Herzensanliegen</p>
</div></section></div>
