{"id":59,"date":"2009-02-04T18:54:05","date_gmt":"2009-02-04T17:54:05","guid":{"rendered":"http:\/\/achtsamen.de\/?page_id=59"},"modified":"2009-02-04T18:54:05","modified_gmt":"2009-02-04T17:54:05","slug":"gesprachskultur","status":"publish","type":"page","link":"http:\/\/integrale-szene.de\/wordpress\/gesprachskultur\/","title":{"rendered":"Gespr\u00e4chskultur"},"content":{"rendered":"<p>Wesentlich ist der miteinander gestaltete Raum, der sich auf individuelle Kompetenzen st\u00fctzt, sich auf kollektive Intelligenz und Weisheit berufen kann, Mut und Verantwortung aufwendet f\u00fcr die Gestaltung von Zuk\u00fcnftigem.<br \/>\nWert gelegt wird auf achtsame Umgangsformen, die die W\u00fcrde des Einzelnen wahren und zugleich ermutigen sich \u00fcber Gewohntes hinauszuwagen. Eine Gemeinschaft ist eine vielschichtige, flie\u00dfende Gestalt die sich ihr eigenes Beziehungsnetzwerk schafft \u2013 das unter anderem durch Sprache sichtbar gemacht werden kann. Ein gewisses Ma\u00df an Chaos ist fruchtbar, durchaus erotisch und schafft Wachsamkeit f\u00fcr die Chance die Gegenwart miteinander zu teilen.<br \/>\nDie W\u00fcrde des Frau- und Mann-Seins, mit der jeweiligen Betonung auf Kommuniun und Agenz, F\u00fcrsorge und F\u00fchrung, Wissen und Weisheit zu integrieren ist ein Wagnis das den ganzen Menschen fordert. Sich der eignen Konditionierungen bewusst werden und zum Wohle aller Beteiligten transparent Werden lassen, bereit f\u00fcr eine neue Art Intimit\u00e4t schafft Authentizit\u00e4t.<\/p>\n<p><strong>Vom Wissen<\/strong><br \/>\n\u201eDie Ver\u00e4nderung der Denkmuster erfordert gro\u00dfen pers\u00f6nlichen Einsatz. Wer eine Kultur der Offenheit und stetigen Verbesserung schaffen will, ist aufgefordert sich pers\u00f6nlich zu transformieren.\u201c Fred Kofmann<\/p>\n<p><strong>Und Nichtwissen<\/strong><br \/>\nIst ganz besonders erw\u00fcnscht und bietet in Verbindung mit spielerischer Offenheit beste Chancen f\u00fcr Emergenz, das sprunghafte Auftauchen neuer F\u00e4higkeiten im Umgang mit sich, dem Anderen und der Welt. Ver\u00e4ndere die Praxis und du wirst eine andere Welt sehen und erleben.<\/p>\n<p><strong>Wandlungswege<\/strong><br \/>\n\u201eintegral flow\u201c \u2013 Inspiration \u2013 ankommen, sich sammeln, Information &#8211; zum Thema des Tages, Interpretation sowie Improvisation bez\u00fcglich der Inhalte, Integration &#8211; mit Fokus auf Praxis und Alltagstauglichkeit und Introspektion in Form von Kontemplation, um der Tiefe und der Stille zwischen uns Raum zu gew\u00e4hren. Ist ganz besonders erw\u00fcnscht und bietet in Verbindung mit spielerischer Offenheit beste Chancen f\u00fcr Emergenz, das sprunghafte Auftauchen neuer F\u00e4higkeiten im Umgang mit sich, dem Anderen und der Welt. Ver\u00e4ndere die Praxis und du wirst eine andere Welt sehen und erleben.<\/p>\n","protected":false},"excerpt":{"rendered":"<p>Wesentlich ist der miteinander gestaltete Raum, der sich auf individuelle Kompetenzen st\u00fctzt, sich auf kollektive Intelligenz und Weisheit berufen kann, Mut und Verantwortung aufwendet f\u00fcr die Gestaltung von Zuk\u00fcnftigem. Wert gelegt wird auf achtsame Umgangsformen, die die W\u00fcrde des Einzelnen wahren und zugleich ermutigen sich \u00fcber Gewohntes hinauszuwagen. Eine Gemeinschaft ist eine vielschichtige, flie\u00dfende Gestalt [&hellip;]<\/p>\n","protected":false},"author":2,"featured_media":0,"parent":0,"menu_order":2,"comment_status":"open","ping_status":"open","template":"","meta":[],"_links":{"self":[{"href":"http:\/\/integrale-szene.de\/wordpress\/wp-json\/wp\/v2\/pages\/59"}],"collection":[{"href":"http:\/\/integrale-szene.de\/wordpress\/wp-json\/wp\/v2\/pages"}],"about":[{"href":"http:\/\/integrale-szene.de\/wordpress\/wp-json\/wp\/v2\/types\/page"}],"author":[{"embeddable":true,"href":"http:\/\/integrale-szene.de\/wordpress\/wp-json\/wp\/v2\/users\/2"}],"replies":[{"embeddable":true,"href":"http:\/\/integrale-szene.de\/wordpress\/wp-json\/wp\/v2\/comments?post=59"}],"version-history":[{"count":1,"href":"http:\/\/integrale-szene.de\/wordpress\/wp-json\/wp\/v2\/pages\/59\/revisions"}],"predecessor-version":[{"id":532,"href":"http:\/\/integrale-szene.de\/wordpress\/wp-json\/wp\/v2\/pages\/59\/revisions\/532"}],"wp:attachment":[{"href":"http:\/\/integrale-szene.de\/wordpress\/wp-json\/wp\/v2\/media?parent=59"}],"curies":[{"name":"wp","href":"https:\/\/api.w.org\/{rel}","templated":true}]}}

Gesprächskultur

<p>Wesentlich ist der miteinander gestaltete Raum, der sich auf individuelle Kompetenzen stützt, sich auf kollektive Intelligenz und Weisheit berufen kann, Mut und Verantwortung aufwendet für die Gestaltung von Zukünftigem.<br />
Wert gelegt wird auf achtsame Umgangsformen, die die Würde des Einzelnen wahren und zugleich ermutigen sich über Gewohntes hinauszuwagen. Eine Gemeinschaft ist eine vielschichtige, fließende Gestalt die sich ihr eigenes Beziehungsnetzwerk schafft – das unter anderem durch Sprache sichtbar gemacht werden kann. Ein gewisses Maß an Chaos ist fruchtbar, durchaus erotisch und schafft Wachsamkeit für die Chance die Gegenwart miteinander zu teilen.<br />
Die Würde des Frau- und Mann-Seins, mit der jeweiligen Betonung auf Kommuniun und Agenz, Fürsorge und Führung, Wissen und Weisheit zu integrieren ist ein Wagnis das den ganzen Menschen fordert. Sich der eignen Konditionierungen bewusst werden und zum Wohle aller Beteiligten transparent Werden lassen, bereit für eine neue Art Intimität schafft Authentizität.</p>
<p><strong>Vom Wissen</strong><br />
„Die Veränderung der Denkmuster erfordert großen persönlichen Einsatz. Wer eine Kultur der Offenheit und stetigen Verbesserung schaffen will, ist aufgefordert sich persönlich zu transformieren.“ Fred Kofmann</p>
<p><strong>Und Nichtwissen</strong><br />
Ist ganz besonders erwünscht und bietet in Verbindung mit spielerischer Offenheit beste Chancen für Emergenz, das sprunghafte Auftauchen neuer Fähigkeiten im Umgang mit sich, dem Anderen und der Welt. Verändere die Praxis und du wirst eine andere Welt sehen und erleben.</p>
<p><strong>Wandlungswege</strong><br />
„integral flow“ – Inspiration – ankommen, sich sammeln, Information &#8211; zum Thema des Tages, Interpretation sowie Improvisation bezüglich der Inhalte, Integration &#8211; mit Fokus auf Praxis und Alltagstauglichkeit und Introspektion in Form von Kontemplation, um der Tiefe und der Stille zwischen uns Raum zu gewähren. Ist ganz besonders erwünscht und bietet in Verbindung mit spielerischer Offenheit beste Chancen für Emergenz, das sprunghafte Auftauchen neuer Fähigkeiten im Umgang mit sich, dem Anderen und der Welt. Verändere die Praxis und du wirst eine andere Welt sehen und erleben.</p>

<p>Wesentlich ist der miteinander gestaltete Raum, der sich auf individuelle Kompetenzen stützt, sich auf kollektive Intelligenz und Weisheit berufen kann, Mut und Verantwortung aufwendet für die Gestaltung von Zukünftigem. Wert gelegt wird auf achtsame Umgangsformen, die die Würde des Einzelnen wahren und zugleich ermutigen sich über Gewohntes hinauszuwagen. Eine Gemeinschaft ist eine vielschichtige, fließende Gestalt [&hellip;]</p>
