{"id":60,"date":"2009-02-04T19:25:57","date_gmt":"2009-02-04T18:25:57","guid":{"rendered":"http:\/\/achtsamen.de\/?page_id=60"},"modified":"2018-07-24T09:32:48","modified_gmt":"2018-07-24T08:32:48","slug":"kontakt","status":"publish","type":"page","link":"http:\/\/integrale-szene.de\/wordpress\/kontakt\/","title":{"rendered":"Kontakt"},"content":{"rendered":"<p><strong>Susanya Manz<\/strong><\/p>\n<p>Haimhauserstra\u00dfe 46 &#8212; 85716 Unterschlei\u00dfheim &#8212; fon: 0173 &#8211; 344 19 27<br \/>\noder: 089 &#8211; 31 60 92 52&#8212; <a href=\"mailto:susanya@achtsamen.de\"><strong>Mail an Susanya<\/strong><\/a><\/p>\n<div style=\"width: 280px\" class=\"wp-caption alignnone\"><img decoding=\"async\" loading=\"lazy\" style=\"margin: 5px;\" src=\"http:\/\/insistere.com\/wp-content\/uploads\/2017\/01\/IMG_0587.jpg\" alt=\"Susanya\" width=\"270\" height=\"373\" align=\"left\" \/><p class=\"wp-caption-text\">Susanya<\/p><\/div>\n<p><strong>Berufspraxis als Dozentin &amp; Projektleiterin<\/strong><\/p>\n<p><strong>2008 -2009<\/strong><br \/>\nDozentin in der Peter Weiterbildungs Gmbh M\u00fcnchen sowie Eulac; Leitfaden entwickeln und moduliertes Bewerbungstraining;\u00a0 Branchenspezifisches Coaching Agenda entwiclkeln<\/p>\n<p><strong>2004 -2009<\/strong><br \/>\nReferentin und Gremiumsmitglied im Integralen Forum Ken Wilber; Organisation und Moderation von Arbeitskreisen<br \/>\nNetzwerkarbeit \u00d6ffentlichkeitsarbeit Eventmanagement<\/p>\n<p><strong>2005 -2009 <\/strong><br \/>\nSalonleiterin integraler Salon M\u00fcnchen<br \/>\nKonzeption eines 8 teiligen Zyklus zur Vermittlung integraler Inhalte, anwendungsorientiert aufgebaut<br \/>\nAufbau und Erforschung einer vielschichtigen Gespr\u00e4chskultur Focus auf Werteentwicklung in einer lernenden Gemeinschaft<\/p>\n<p><strong>2000-2007<\/strong><br \/>\nDozentin Seminare an der VHS im Norden und freiberufliche Angebote Traum \u2013 Beruf , Symptomsprache, Familienbande<\/p>\n<p><strong>1995 -2000<\/strong><br \/>\nProjektleiterin &#8211; Gr\u00fcndung und Leitung des K\u00fcnstlerhauses Atelier Haid in Engstingen schw\u00e4bische Alb mit insgesamt 60 Menschen Konzeption und Organisation Teamentwicklung Moderation<br \/>\nFinanzverwaltung Budgetplanung Projekte akquirieren, entwickeln, durchf\u00fchren, dokumentieren<br \/>\nEventmanagement \u00d6ffentlichkeitsarbeit Netzwerken<\/p>\n<p><strong>Studium 1992 \u2013 1996<\/strong><br \/>\nDiplom f\u00fcr Gestaltung und Prozessorganisation Thema Integrit\u00e4t \u2013 Sinneslehre und Sozialisation<br \/>\nKunstseminar Metzingen jetzt FHS Schw\u00e4bisch Gm\u00fcnd Interdisziplin\u00e4rer Studiengang mit Schwerpunkten in Kunst und Kulturgeschichte<\/p>\n<p>Gestaltung: Malerei, Holz- Steinbildhauerei, Installationen<br \/>\nWahrnehmungsschulung \u2013 Ph\u00e4nomenologische Betrachtung Theater &#8211; Tanz \u2013 Performance &#8211; K\u00f6rperarbeit und Stimmbildung Bewusstseinsentwicklung \u2013 Jean Gebser, Rudolf Steiner Prozessorientiertes und strukturelles Vorgehen<\/p>\n<p><strong>Weiterbildung<\/strong><br \/>\nSelbstentwicklungstheorie Susanne Cook Greuter Charakteristika von Typen und F\u00f6rderungsm\u00f6glichkeiten<\/p>\n<p>Spiral dynamics Graves Bewusstseinsevolution Gebser Entwicklung von Werten und Weltsichten in Kollektiven<\/p>\n<p>Kommunikative Kompetenz \u2013 Konfliktl\u00f6sungsstrategien Mager Ausbildung in systemischer Therapie Zist Penzberg 3 Jahre<\/p>\n<p>Weiterbildung in Gruppendynamik \u2013 Antons \/ Ballreich 1 Jahr<\/p>\n<p>Theaterspielleiterausbildung bei der LAG in Reutlingen 2 Jahre<\/p>\n","protected":false},"excerpt":{"rendered":"<p>Susanya Manz Haimhauserstra\u00dfe 46 &#8212; 85716 Unterschlei\u00dfheim &#8212; fon: 0173 &#8211; 344 19 27 oder: 089 &#8211; 31 60 92 52&#8212; Mail an Susanya Berufspraxis als Dozentin &amp; Projektleiterin 2008 -2009 Dozentin in der Peter Weiterbildungs Gmbh M\u00fcnchen sowie Eulac; Leitfaden entwickeln und moduliertes Bewerbungstraining;\u00a0 Branchenspezifisches Coaching Agenda entwiclkeln 2004 -2009 Referentin und Gremiumsmitglied im [&hellip;]<\/p>\n","protected":false},"author":2,"featured_media":0,"parent":0,"menu_order":5,"comment_status":"closed","ping_status":"closed","template":"","meta":[],"_links":{"self":[{"href":"http:\/\/integrale-szene.de\/wordpress\/wp-json\/wp\/v2\/pages\/60"}],"collection":[{"href":"http:\/\/integrale-szene.de\/wordpress\/wp-json\/wp\/v2\/pages"}],"about":[{"href":"http:\/\/integrale-szene.de\/wordpress\/wp-json\/wp\/v2\/types\/page"}],"author":[{"embeddable":true,"href":"http:\/\/integrale-szene.de\/wordpress\/wp-json\/wp\/v2\/users\/2"}],"replies":[{"embeddable":true,"href":"http:\/\/integrale-szene.de\/wordpress\/wp-json\/wp\/v2\/comments?post=60"}],"version-history":[{"count":16,"href":"http:\/\/integrale-szene.de\/wordpress\/wp-json\/wp\/v2\/pages\/60\/revisions"}],"predecessor-version":[{"id":478,"href":"http:\/\/integrale-szene.de\/wordpress\/wp-json\/wp\/v2\/pages\/60\/revisions\/478"}],"wp:attachment":[{"href":"http:\/\/integrale-szene.de\/wordpress\/wp-json\/wp\/v2\/media?parent=60"}],"curies":[{"name":"wp","href":"https:\/\/api.w.org\/{rel}","templated":true}]}}