{"id":96,"date":"2009-02-08T17:04:17","date_gmt":"2009-02-08T16:04:17","guid":{"rendered":"http:\/\/achtsamen.de\/?page_id=82"},"modified":"2010-06-24T11:08:25","modified_gmt":"2010-06-24T10:08:25","slug":"infos-abo","status":"publish","type":"page","link":"http:\/\/integrale-szene.de\/wordpress\/infos-abo\/","title":{"rendered":"Infos Abo"},"content":{"rendered":"<p><strong>Integrale Szene Infos abonnieren<\/strong><\/p>\n<p>Sie wollen immer informiert sein, was so alles auf meiner Seite passiert? Dann m\u00f6chte ich Ihnen kurz erkl\u00e4ren, wie sie ganz einfach immer \u00fcber Aktualisierungen auf meiner &#8222;achtsamen Seite&#8220; automatisch informiert werden k\u00f6nnen.<\/p>\n<p>Klicken Sie dazu einfach folgendes Symbol in der Browser Adresszeile oder hier im Text an und folgen Sie der rss-Abo-Anleitung:<\/p>\n<p><a title=\"rss Achtsamen Infos abonnieren\" href=\"http:\/\/achtsamen.de\/?feed=rss2\"><img decoding=\"async\" src=\"http:\/\/achtsamen.de\/__oneclick_uploads\/2009\/02\/rss-image-blue.jpg\" border=\"0\" alt=\"Achtsamen Infos abonnieren\" align=\"left\" \/><\/a><\/p>\n<p>Viel Spa\u00df beim Lesen<\/p>\n","protected":false},"excerpt":{"rendered":"<p>Integrale Szene Infos abonnieren Sie wollen immer informiert sein, was so alles auf meiner Seite passiert? Dann m\u00f6chte ich Ihnen kurz erkl\u00e4ren, wie sie ganz einfach immer \u00fcber Aktualisierungen auf meiner &#8222;achtsamen Seite&#8220; automatisch informiert werden k\u00f6nnen. Klicken Sie dazu einfach folgendes Symbol in der Browser Adresszeile oder hier im Text an und folgen Sie [&hellip;]<\/p>\n","protected":false},"author":2,"featured_media":0,"parent":0,"menu_order":4,"comment_status":"open","ping_status":"open","template":"","meta":[],"_links":{"self":[{"href":"http:\/\/integrale-szene.de\/wordpress\/wp-json\/wp\/v2\/pages\/96"}],"collection":[{"href":"http:\/\/integrale-szene.de\/wordpress\/wp-json\/wp\/v2\/pages"}],"about":[{"href":"http:\/\/integrale-szene.de\/wordpress\/wp-json\/wp\/v2\/types\/page"}],"author":[{"embeddable":true,"href":"http:\/\/integrale-szene.de\/wordpress\/wp-json\/wp\/v2\/users\/2"}],"replies":[{"embeddable":true,"href":"http:\/\/integrale-szene.de\/wordpress\/wp-json\/wp\/v2\/comments?post=96"}],"version-history":[{"count":5,"href":"http:\/\/integrale-szene.de\/wordpress\/wp-json\/wp\/v2\/pages\/96\/revisions"}],"predecessor-version":[{"id":408,"href":"http:\/\/integrale-szene.de\/wordpress\/wp-json\/wp\/v2\/pages\/96\/revisions\/408"}],"wp:attachment":[{"href":"http:\/\/integrale-szene.de\/wordpress\/wp-json\/wp\/v2\/media?parent=96"}],"curies":[{"name":"wp","href":"https:\/\/api.w.org\/{rel}","templated":true}]}}